the remainder when p is divided by (2/8)/(4/(-16)) - q?
5
Let x(v) = -2*v**2 - 8*v + 24. Let c(z) = 14*z + 1. Let g be c(4). Suppose 5*o = g + 68. Calculate the remainder when o is divided by x(-5).
11
Let y(m) = -m - 2. Suppose -57 = -3*l + 3*u, -2*l + 9 + 5 = 4*u. What is the remainder when l is divided by y(-8)?
3
Let o(q) = 4*q**2 - q + 2. Suppose -3 = -2*h - 15. Calculate the remainder when (-4 + (-28)/h)*69 is divided by o(2).
14
Let o be (-2)/(-14)*-4*(-49)/14. Suppose 3*s + 69 + 33 = 4*m, 104 = 4*m - o*s. What is the remainder when 103 is divided by m?
22
Let u(b) = -b**3 + 2. Let q be u(0). Suppose 5*g + 42 = 4*h, -q*h - 5*g = -g - 8. Suppose h = 3*w - w. Calculate the remainder when w is divided by 2.
0
Let b = -13 - -21. Let l(i) = -50*i + 312. Calculate the remainder when l(6) is divided by b.
4
Let d(t) = t**2 + 8*t - 70. What is the remainder when d(-16) is divided by 12?
10
Suppose -21*q + 480 = -26*q. Let c = q - -100. What is the remainder when 26 is divided by c?
2
Suppose y = -y + 8. Let b be (2 - 6) + (18 - -97). Suppose -b = -3*l - 0*l + 4*f, -y*l = -2*f - 138. What is the remainder when 63 is divided by l?
30
Suppose -3*h + 5*h - f - 298 = 0, -4*f - 310 = -2*h. Suppose 0 = -7*u + h - 21. What is the remainder when 48 is divided by u?
12
Calculate the remainder when 408 is divided by (-165)/(-4) - 21/84.
39
Let b be 4/(-4) + 39 + 0. Suppose -18*c = -0*c - 1224. Let m = c - b. What is the remainder when m is divided by 17?
13
Let q(g) = g - 7. Let t be q(16). What is the remainder when (-795)/20*(-12)/t is divided by 18?
17
Let w = -66 - -76. Calculate the remainder when 19 is divided by w.
9
Let u(x) = -x**3 - x**2 + 10. What is the remainder when 137 is divided by u(0)?
7
Suppose 0 = 5*p + 3*o - 25 + 3, -26 = -5*p - 4*o. Suppose -5*k + 21 = -9. Calculate the remainder when k is divided by p.
0
Let q = 30 + -21. Let n = q + -7. Suppose -12 = -5*i + n*i, 3*d - 2*i = 16. Calculate the remainder when 22 is divided by d.
6
Suppose 220*a - 213*a - 1001 = 0. What is the remainder when a is divided by 22?
11
Let u = -47 - -42. Let r = u - -35. Calculate the remainder when r is divided by 8.
6
Let d(c) = 90*c - 2. Calculate the remainder when d(1) is divided by (5/(-10))/(1/(-39 + 3)).
16
Suppose 7*h + 61 = 2*t + 4*h, 3*t + 4*h - 66 = 0. Suppose 2*x - t = 10. Calculate the remainder when 53 is divided by x.
17
Suppose 4*k - 8*t + 6*t = 134, 3*k + 4*t - 117 = 0. Calculate the remainder when 1328 is divided by k.
33
Suppose g + 8 = 23. Let u(m) = -m**3 - 2*m**2 - 8*m - 4. Calculate the remainder when u(-3) is divided by g.
14
Let j(y) = -2*y. Let f be j(0). Suppose -i + 0*i = f. Suppose p - 9 = -i*p. What is the remainder when p is divided by 2?
1
Let w = 35 - 31. Let c = w - -6. Calculate the remainder when 38 is divided by c.
8
Let n(m) = m**3 + 12*m**2 + 9*m + 11. Calculate the remainder when n(-11) is divided by 2/5 + 1577/95.
16
Let v(b) = 3*b - 10. Let h be v(3). Let p(j) = 2*j**3 - 2*j**2 + 2*j - 2. Calculate the remainder when ((-3)/(-15) - (-136)/(-5))*h is divided by p(2).
7
Let w = -84 - -32. What is the remainder when 4*w/(-8)*1 is divided by ((-42)/(-4))/(6/8)?
12
Let g(m) = m**3 - m**2 + m - 21. Let b be g(0). Let c = -29 - b. Calculate the remainder when c/36 + (-276)/(-27) is divided by 6.
4
Let o(u) = u - 1. Let v be o(6). Suppose 3*t = 9 + 6, 11 = 2*b - v*t. Suppose 0 = -z + 59 - 6. Calculate the remainder when z is divided by b.
17
Suppose 0*b = 17*b - 578. What is the remainder when 576 is divided by b?
32
Let q = 19 + -4. Let x be 1*1*52/(-4). Let v(r) = -2*r. Calculate the remainder when v(x) is divided by q.
11
Let h(c) = -2*c + 103. Calculate the remainder when h(-10) is divided by 4.
3
Suppose -38 = -3*m + k, 4*m + 6*k - 42 = 3*k. Let v be 4/m*(1 + -1). Suppose v = o - 4*o + 138. Calculate the remainder when o is divided by 12.
10
Let c(n) = -19*n - 159. Let u be c(-13). Let i be (-1 - -1 - 0)/(-2). Suppose i = 2*s + 2*s - u. Calculate the remainder when s is divided by 8.
6
Let j(u) = -3*u + 14. Let h be j(5). Let n = 46 - h. Calculate the remainder when n is divided by 12.
11
Suppose -763*b + 771*b = 888. What is the remainder when 1885 is divided by b?
109
Let d = -638 + 721. What is the remainder when d is divided by 27?
2
Suppose 17*o - 24 = 20*o. Let j(v) = -8*v + 3. What is the remainder when j(-3) is divided by 4 + o - 11*-2 - 4?
13
Let r be (-4)/16 + (-199)/4. Let j = -28 - r. Suppose 0 = f + 2*k - 84 + j, -k = -5. Calculate the remainder when f is divided by 18.
16
Let u be 1 - (-7 + 2 - -1). Let n = -2 + u. Let y(p) = p**3 + 4*p**2 - 2*p - 4. Calculate the remainder when y(-2) is divided by n.
2
Let r(b) = 12*b - 7. Let n(u) = 40*u + 227. What is the remainder when r(5) is divided by n(-5)?
26
Let s(d) = -3*d - 54. Calculate the remainder when 3136/10 + (-6)/(-15) is divided by s(-33).
44
Suppose 2*l + 35 = 5*o, -5*o - 11 + 76 = 4*l. Let f(c) = 5*c - 83. What is the remainder when f(25) is divided by o?
6
Let m = 17 + -7. Suppose 6 = -2*f + 8. Calculate the remainder when (754/(-26))/(-1 + -1 + f) is divided by m.
9
Let r(w) = w**3 + 3*w**2 + 4*w + 3. Let i be r(-2). Let y(x) = 48*x. Let d be y(i). Let b = -14 - d. What is the remainder when b is divided by 12?
10
Suppose -4*l - 32 = -4*a, 1 = 2*a + 3*l - 15. Calculate the remainder when 54 is divided by a.
6
Let n = 117 + -71. Calculate the remainder when 919 is divided by n.
45
Let c = 538 + -520. Calculate the remainder when 20 is divided by c.
2
Suppose j = -3*j - 4*y + 60, 5*j - 4*y = 75. Let u = -2 - -12. Calculate the remainder when j is divided by u.
5
Suppose -k + 2*i + 34 = -2, -5*i = -2*k + 70. Suppose -4*z + 0*z = 5*d - 400, 0 = d - 2*z - 66. Calculate the remainder when d is divided by k.
36
Suppose 230 = -5*i - 0*i. Let y = -36 - i. Calculate the remainder when y is divided by 4.
2
Let r(q) = -34*q**3 - 2*q**2 - 2*q - 2. What is the remainder when r(-1) is divided by 20?
12
Let w be (-5 + -1)/((6/4)/(-1)). Calculate the remainder when 75 is divided by (26/w)/((-1)/(-2)).
10
Suppose 0 = 10*x - 40 - 10. What is the remainder when 169 is divided by x?
4
Suppose 46*a = -24*a + 420. What is the remainder when 3/(-2 - 23/(-10)) is divided by a?
4
Let r(i) = -i**3 - 14*i**2 - 4*i - 6. Let h be (-4)/5*(-245)/(-14). What is the remainder when r(h) is divided by 18?
14
Let w = 2165 - 2115. Suppose -65 = -2*v - 3*v. Calculate the remainder when w is divided by v.
11
Let q be (4 - (-45)/(-10))*-274. Suppose -5*a - q = -417. What is the remainder when 108 is divided by a?
52
Suppose 2646 = 213*t - 210*t. What is the remainder when t is divided by 5?
2
Suppose -p + 0*p + 67 = 3*c, 0 = 5*c + 15. Suppose 49*q = 101*q - 364. What is the remainder when p is divided by q?
6
Let u(c) be the first derivative of -28*c**2 + 10. Let p be u(-2). Suppose s - 3*w - 64 = 0, -2*w + p = -s + 3*s. What is the remainder when s is divided by 15?
13
Let h(z) = z**2 + 17*z - 61. Let p(l) = l + 1. Let s(w) = -h(w) - 6*p(w). Calculate the remainder when 161 is divided by s(-23).
51
Suppose 0 = -0*s + 5*s - 65. Let q be -6*(2 - 8/12). Calculate the remainder when s is divided by 20/3 + q/(-24).
6
Let u = -60 - -63. Suppose -u*w = -15, w = -4*r - r + 65. Calculate the remainder when 27 is divided by r.
3
Suppose -2*s - 3 = -13. Let p = -63 + 68. Calculate the remainder when p is divided by s.
0
Calculate the remainder when (-2 - 1040/(-12))*27/6 is divided by 24.
21
Suppose 5*l + 5*y = 185, -5*y + 147 = 4*l - 0*y. What is the remainder when 1503/5 + (-6)/(-15)*1 is divided by l?
35
Suppose 0 = -2*r - 3*r - 4*b + 168, 3*b - 171 = -5*r. Calculate the remainder when r is divided by 22.
14
Suppose -i - i + 100 = 0. Suppose f + 23 = 2*l, 3*f - 8 = -4*l + 13. What is the remainder when i is divided by l?
5
Let m(c) be the third derivative of c**4/24 + 5*c**3/2 + 15*c**2. Let f = -5 + 16. Calculate the remainder when m(6) is divided by f.
10
Calculate the remainder when 141 is divided by (8 - 1)*43/7.
12
Let g = 8 - -20. What is the remainder when 167 is divided by g?
27
Let x(j) = 2*j**2 - 31*j + 2. Calculate the remainder when 65 is divided by x(17).
12
Let n(i) be the first derivative of i**3/3 - 2*i**2 + 10*i - 2. Let g be 2*(-1)/2*-5. What is the remainder when n(g) is